ate y(4).
-3
Let f(a) = -48*a + 1023. Determine f(25).
-177
Let j(z) = -2*z**2 + 50*z + 93. Calculate j(24).
141
Let y(f) = -11*f**2 - 97*f - 137. Calculate y(-7).
3
Let k(z) = -z**3 + 19*z**2 - 20*z. What is k(1)?
-2
Let n(v) = -40*v - 213. What is n(-11)?
227
Let d(q) = -q**2 - 149*q + 34648. Give d(126).
-2
Let s(a) = -49*a**2 - 144*a - 1. Calculate s(-3).
-10
Let o(z) = 3*z**3 + 19*z**2 + 3*z. What is o(-6)?
18
Let t(z) = -90*z - 1317. Calculate t(-22).
663
Let k(o) = 161*o + 1985. What is k(-12)?
53
Let b(l) = -l**3 + 47*l**2 - 168*l - 168. Give b(43).
4
Let v(q) = 17*q**2 + 596*q + 24. What is v(-35)?
-11
Let y(f) = -3*f**3 - 159*f**2 + 2*f - 102. Calculate y(-53).
-208
Let o(k) = -780*k - 2349. Calculate o(-3).
-9
Let u(s) = -s**2 + 23*s - 32. Give u(15).
88
Let a(n) = n + 237. Determine a(-25).
212
Let q(r) = r**3 - 389*r**2 + 22082*r - 141. Give q(69).
-3
Let l(k) = 58*k + 143. Give l(-7).
-263
Let d(h) = -3*h**2 + 45*h - 177. Calculate d(4).
-45
Let q(n) = 23*n - 37. Give q(2).
9
Let g(x) = 13*x**2 + 109*x + 118. Determine g(-7).
-8
Let f(y) = y**3 + 3*y**2 + 13. Calculate f(-8).
-307
Let u(y) = -y**3 - 36*y**2 - 163*y - 3218. Calculate u(-34).
12
Let p(z) = 2*z**3 - 2*z**2 - 173*z - 16. Determine p(0).
-16
Let y(d) = 6*d**2 - 21*d - 68. What is y(-3)?
49
Let f(g) = -192*g - 4982. What is f(-26)?
10
Let t(f) = -f**3 - 19*f**2 - 37*f + 393. Calculate t(-14).
-69
Let q(r) = -r**2 - 4*r + 80. Calculate q(5).
35
Let a(u) = u**2 - 160*u - 79455. Calculate a(-213).
-6
Let j(o) = -o**3 - 11*o**2 - 45*o - 242. Determine j(-9).
1
Let c(m) = -m**2 - 9*m - 52. Give c(-10).
-62
Let w(q) = -17*q**2 - 7*q - 27. Calculate w(-4).
-271
Let u(a) = a + 77. What is u(-35)?
42
Let x(t) = -70*t**3 + 2028*t**2 + 62*t - 98. Give x(29).
18
Let c(y) = -2*y**3 - 52*y**2 + 55*y - 25. Give c(-27).
-52
Let v(n) = n**2 - 84*n + 236. What is v(3)?
-7
Let t(c) = 5*c + 13. Calculate t(-23).
-102
Let d(i) = -11*i**2 - 1036*i - 172. Determine d(-94).
16
Let k(t) = 3*t - 26. Give k(10).
4
Let x(c) = 4*c**3 + 24*c**2 - 33*c - 202. Determine x(-6).
-4
Let k(c) = -113*c + 7683. Determine k(68).
-1
Let q(s) = 53*s - 64. Calculate q(0).
-64
Let k(t) = -t**3 + 17*t**2 + 43*t - 36. Give k(19).
59
Let m(q) = q**3 + 6*q**2 - 156*q - 49. What is m(10)?
-9
Let d(b) = -29*b - 2259. Determine d(-78).
3
Let v(m) = -2*m**2 + 39*m + 11. What is v(9)?
200
Let c(a) = -4*a**2 - 6*a - 4. Give c(-6).
-112
Let j(d) = 75*d - 162. Determine j(2).
-12
Let a(c) = 5*c**3 + 3*c**2 + 9*c - 41. What is a(2)?
29
Let w(x) = x**3 + 11*x**2 - 5*x - 19. Determine w(-10).
131
Let l(z) = 2*z**2 + 233*z + 3867. Give l(-20).
7
Let s(b) = -b**2 + 59*b - 718. Determine s(15).
-58
Let m(l) = 11*l**2 + 71*l - 16. Calculate m(-5).
-96
Let r(p) = -p**3 + 19*p**2 - 39*p - 548. What is r(11)?
-9
Let c(s) = s**3 - 23*s**2 + 8*s - 176. Calculate c(23).
8
Let k(l) = -37*l - 155. What is k(-5)?
30
Let q(t) = -504*t - 9612. Determine q(-19).
-36
Let q(t) = 3*t**3 + 60*t**2 + 54*t + 65. Determine q(-19).
122
Let t(d) = -43*d**2 + 3614*d - 159. Determine t(84).
9
Let w(s) = -s**3 - 14*s**2 + s + 8. What is w(-14)?
-6
Let d(f) = -2*f**3 - 112*f**2 + 6*f + 201. Calculate d(-56).
-135
Let x(c) = -2*c**3 + 114*c**2 - 330*c - 1. Calculate x(3).
-19
Let a(g) = -5*g**2 + 314*g - 533. Calculate a(61).
16
Let t(h) = 2*h**2 + 5*h - 14. What is t(-4)?
-2
Let w(h) = h**3 - 20*h**2 + 29*h + 6. Give w(18).
-120
Let h(j) = j**3 + 21*j**2 + 103*j + 55. Give h(-14).
-15
Let t(c) = c**2 + 4*c - 3. Give t(-9).
42
Let f(n) = -n**3 - 18*n**2 + 179*n + 221. What is f(-25)?
121
Let u(p) = 2*p**3 + 98*p**2 + 282*p + 184. What is u(-46)?
-92
Let y(x) = -28*x - 539. What is y(-15)?
-119
Let a(z) = -78*z - 10. What is a(-2)?
146
Let g(a) = a**3 + 100*a**2 + 89*a - 989. What is g(-99)?
1
Let f(i) = -i**2 + 1981*i + 5950. Give f(-3).
-2
Let t(n) = 21*n + 168. What is t(-17)?
-189
Let l(z) = z**2 + 27*z + 162. Give l(-12).
-18
Let a(c) = -c**2 + 3199*c + 19220. What is a(-6)?
-10
Let u(d) = -317*d - 21563. Calculate u(-68).
-7
Let d(z) = -326*z + 44354. Calculate d(136).
18
Let m(a) = -10*a**2 + 75*a - 36. What is m(7)?
-1
Let s(w) = 314*w + 474. What is s(-1)?
160
Let u(l) = -34*l - 5616. What is u(-165)?
-6
Let w(y) = 3*y**2 - 43*y - 50. Calculate w(16).
30
Let z(a) = 3*a**2 + 45*a + 51. Give z(-14).
9
Let q(t) = -55*t - 3583. What is q(-65)?
-8
Let g(w) = w**3 - 50*w**2 + 655*w - 29716. Determine g(49).
-22
Let l(n) = -3144*n - 53475. Calculate l(-17).
-27
Let m(t) = t**2 - 3378*t + 13495. Give m(4).
-1
Let j(u) = -u**2 - 14*u - 164. What is j(-26)?
-476
Let i(m) = -m**3 + 71*m**2 - 144*m - 270. Calculate i(69).
-684
Let l(f) = 803*f + 2236. What is l(-3)?
-173
Let w(p) = p**3 - 61*p**2 - 105*p + 30. Give w(-2).
-12
Let l(f) = 15*f + 345. Determine l(-23).
0
Let n(u) = -2*u**2 - u + 61. Calculate n(-7).
-30
Let i(k) = -k**3 + 13*k**2 + 67*k + 8. Calculate i(-4).
12
Let c(u) = 6*u + 76. Give c(-10).
16
Let u(y) = -9*y**2 + 13*y - 100. Calculate u(5).
-260
Let u(n) = n**3 - 64*n**2 - 114*n - 1191. Determine u(66).
-3
Let y(j) = 7*j**2 + 204*j + 1063. Give y(-7).
-22
Let q(v) = -506*v - 11072. Give q(-22).
60
Let w(u) = 7*u**2 - 19*u - 322. Calculate w(9).
74
Let r(t) = -405*t + 2429. Determine r(6).
-1
Let k(u) = 5*u**3 - 12*u**2 - 14. Give k(-4).
-526
Let z(f) = -228*f + 645. What is z(5)?
-495
Let h(q) = -29*q + 690. Determine h(25).
-35
Let k(p) = -10*p + 54. Give k(25).
-196
Let x(a) = 54*a + 166. Give x(-12).
-482
Let s(i) = 10*i - 77. What is s(15)?
73
Let m(l) = -15*l - 102. Give m(24).
-462
Let h(u) = 7*u**2 - 139*u - 147. What is h(-1)?
-1
Let x(z) = -104*z + 4618. Determine x(45).
-62
Let o(s) = s**2 + 57*s - 820. What is o(-70)?
90
Let r(p) = 4*p**3 - 24*p**2 + 5*p - 36. Give r(5).
-111
Let m(z) = 27*z**2 - 2643*z - 281. Give m(98).
13
Let a(h) = 1122*h + 7976. Calculate a(-7).
122
Let g(i) = -335*i + 31151. Determine g(93).
-4
Let v(k) = -270*k - 2423. Determine v(-9).
7
Let t(i) = i**2 - 32*i + 160. Give t(30).
100
Let r(y) = 237*y - 36968. Calculate r(156).
4
Let g(w) = -2307*w + 9222. Determine g(4).
-6
Let j(n) = -4*n**3 - 4*n**2 + 65*n - 64. What is j(3)?
-13
Let m(k) = -4*k**3 - 26*k**2 + 18*k - 3. Determine m(-7).
-31
Let j(n) = 97*n**2 - 46*n + 48. Determine j(1).
99
Let c(l) = 18*l**3 - 3*l**2 + 10*l + 1. Give c(2).
153
Let m(a) = -a**3 + 4*a - 542. What is m(0)?
-542
Let b(q) = -q**2 - 66*q - 93. Determine b(-63).
96
Let j(l) = l**3 - 68*l**2 + 251*l + 325. What is j(64)?
5
Let r(x) = -2*x**3 + 14*x**2 + 51*x - 270. Determine r(8).
10
Let l(s) = 2*s**3 + 17*s**2 + 27*s + 31. Give l(-6).
49
Let s(k) = 356*k - 54830. Give s(154).
-6
Let i(r) = 603*r + 94671. Give i(-157).
0
Let n(w) = 5*w**2 - 33*w + 287. What is n(9)?
395
Let q(b) = -280*b + 9555. Calculate q(34).
35
Let x(w) = w**3 - 24*w**2 + 136*w - 135. What is x(16)?
-7
Let w(l) = -l**3 - 3*l + 51. Give w(0).
51
Let d(i) = i**3 - i**2 + 18*i + 75. Determine d(-3).
-15
Let y(m) = -m**3 + 123*m**2 + 1185*m - 25. Determine y(-9).
2
Let z(q) = q**2 - 20. Calculate z(0).
-20
Let v(p) = -153*p + 1888. Calculate v(11).
205
Let v(p) = p**2 + 261*p + 5031. Calculate v(-21).
-9
Let h(l) = l**3 + 2*l**2 + 33*l + 69. Give h(-2).
3
Let m(v) = v**2 + 82*v + 380. Determine m(-5).
-5
Let m(v) = -42*v + 832. Calculate m(20).
-8
Let q(c) = c**2 + 122*c + 1689. Calculate q(-106).
-7
Let j(m) = m**2 - 102*m - 1344. Give j(-12).
24
Let u(w) = -w**3 + 36*w**2 - 4*w - 28. Determine u(35).
1057
Let g(o) = -1553*o - 7818. What is g(-5)?
-53
Let y(t) = 2*t**3 + 19*t**2 + 11*t + 13. Give y(-10).
-197
Let g(q) = 30*q + 99. Calculate g(-6).
-81
Let h(n) = 6*n**3 + 37*n**2 - 263*n - 1612. Determine h(-6).
2
Let c(a) = 3859*a + 3861. What is c(-1)?
2
Let l(g) = g**2 - 37*g - 703. What is l(-14)?
11
Let n(r) = -90*r + 7379. Determine n(82).
-1
Let k(l) = -32*l - 171. Determine k(-15).
309
Let o(w) = w**3 - 2*w**2 - 27*w + 10. Determine o(-4).
22
Let s(b) = 22*b**2 - 650*b - 180. What is s(30)?
120
Let h(y) = -3275*y + 6550. Determine h(2).
0
Let k(o) = 82*o - 2376. What is k(29)?
2
Let f(r) = r**3 + r**2 + 5*r + 16. What is f(-5)?
-109
Let k(q) = -2*q**3 - 60*q**2 - 59*q + 46. Give k(-29).
75
Let h(g) = g**3 - 6*g**2 + 11*g - 11. Determine h(-5).
-341
Let w(z) = 62*z - 2106. Give w(34).
2
Let z(r) = r*